. What are the prime factors of i?
5
Let d(n) = n**2 + 9*n + 11. List the prime factors of d(-10).
3, 7
Suppose k - 3*k + 5*v = -20, 2*k + 4*v = 20. What are the prime factors of k?
2, 5
Let y(o) = -o**2 - 15*o + 11. What are the prime factors of y(-13)?
37
Let y(c) = c**2 - 3. Let x be (1*-1)/(4/(-20)). Suppose -5*r + 0 = -4*z + 4, 3*z - 8 = x*r. What are the prime factors of y(z)?
13
Let k = -17 + 8. List the prime factors of -2*1*k/2.
3
Suppose k - 35 = -0*k + 5*r, -k - 2*r + 14 = 0. List the prime factors of k.
2, 5
Suppose 0 = y - 3*r + 3, 2*r + 2 - 28 = -2*y. List the prime factors of y.
3
Let l(r) = r**3 + 10*r**2 + 9*r + 2. Let x be l(-9). Suppose -2*f = -3*q + q - 62, x*f = 5*q + 50. Let b = f + -12. What are the prime factors of b?
23
Let o(y) = 56*y + 27. List the prime factors of o(5).
307
Let r = 355 - 166. What are the prime factors of r?
3, 7
Let a(t) = t**2 - t + 1. Let w be a(2). Suppose 8*b - w*b = -50. List the prime factors of (-61)/(-9) - b/45.
7
Let m(a) be the first derivative of 2 - 4*a + 1/2*a**2. What are the prime factors of m(7)?
3
Suppose 5*s = -0*s + 85. List the prime factors of s.
17
Let g(u) = 14*u - 6. What are the prime factors of g(3)?
2, 3
Let f = -2 + 0. Let p be (-5)/(-4)*(2 - f). Suppose p*w = -2*z - 0*w + 9, 3*z + 2*w = 19. List the prime factors of z.
7
Suppose 3*n = -115 + 367. List the prime factors of n.
2, 3, 7
Let w be (-2)/10 + 486/5. Suppose 1 - w = -6*j. What are the prime factors of j?
2
Let v(f) = 7*f - 4. List the prime factors of v(5).
31
Let s(l) = 20 - 3 - 6*l + 3*l. List the prime factors of s(0).
17
Suppose 7*l - 330 = 2*l. Let d = l + -41. What are the prime factors of d?
5
Let f be (-44)/(-8) - (-2)/(-4). Let r = 13 - 11. Suppose -r*d = 3*o - 42 + 10, 0 = -o - f*d + 28. List the prime factors of o.
2
Suppose -4*p = -13 - 3. Suppose 3*v - 18 = -f, -3*f - 16 = -v - p*v. Suppose 5 = 5*i, 0*z = -3*z + v*i + 10. What are the prime factors of z?
5
Suppose 10*v - 337 - 1143 = 0. What are the prime factors of v?
2, 37
Suppose -4*g - 5*l + 30 = 0, -2*g + 2 = -3*l - 2. Suppose -g*o + 31 + 19 = 0. What are the prime factors of o?
2, 5
Suppose -2*l - 16 = -3*k - 5, 17 = -5*l + 4*k. Let j be (0 + 2 - -9) + l. List the prime factors of -1 + -1 + 2 + j.
2, 5
Let b(o) = -o**2 + 18. Suppose -3*t = -4*r, -3*r + 5*t - 3*t = 0. List the prime factors of b(r).
2, 3
Suppose -205 = -5*c + 3*j - 0*j, -4*c - 5*j = -201. What are the prime factors of c?
2, 11
Let w(x) = 6*x**2 - 3*x**2 + 6 - 2*x**2 - 8*x. Let t be w(5). List the prime factors of (-4)/3*t/1.
2, 3
Let c(p) = 4*p**2 - 2*p - 36. List the prime factors of c(7).
2, 73
Suppose 5*h + 60 = 4*c + c, 4*c + 60 = -5*h. List the prime factors of (h/(-30))/((-2)/(-110)).
2, 11
Suppose 2*l + 3*l = 2*x - 23, 17 = 2*x + l. List the prime factors of x.
3
Suppose -4*l - 3*x = -16, 2*l = -2*x - 0*x + 8. Suppose -k - 40 = -l*w - 3*k, 0 = -5*w - 3*k + 51. What are the prime factors of w?
3
Let w = 23 + -66. Let r = -22 - w. Suppose -y - r = -2*y. What are the prime factors of y?
3, 7
Suppose 2*b = -b + 6. Suppose 2 = k + n, k - 2*n - b*n + 3 = 0. What are the prime factors of (19 - -3)*k/2?
11
Suppose -4 = w - 29. Suppose f = w - 3. What are the prime factors of f?
2, 11
Suppose -3*o + 34 + 47 = 0. Let n = o + -9. List the prime factors of n.
2, 3
Let y(d) = -d**2 - 4*d - 2. Let f be y(-4). Let a be f/7 + (-64)/(-28). Suppose -a*x = -x - 11. List the prime factors of x.
11
Let h(c) = c**2 - 5*c - 8. Let l be h(10). Let w = l + -23. List the prime factors of w.
19
Let h(s) = 4*s**2 + 0*s**2 + 6 - 3*s**2 + 9*s. Let n be h(-9). List the prime factors of 2/n + (-41)/(-3).
2, 7
Let r = -71 + 44. Let s = r - -38. What are the prime factors of s?
11
Suppose 5*f - 2*h - 235 = 3*h, -32 = -f + 4*h. What are the prime factors of f?
2, 13
Let i(z) = -z**2 + 5*z - 7. Let g be i(6). Let f = -6 - g. What are the prime factors of f?
7
List the prime factors of (-58)/(0 + (-2)/4).
2, 29
Suppose w = -3*x + 6, -2*w + 2*x + 37 = 9. Suppose -92 + w = -4*k. What are the prime factors of k?
2, 5
Let g = 8 + -8. Let n = 7 - 2. Suppose g = -2*i + 3*p + 23, n*p - 64 = -4*i + 15. What are the prime factors of i?
2
What are the prime factors of ((0 - 3) + 2)*-47?
47
Let d be 40/5 - (1 - 0). Suppose -2*h = -h - d. Suppose -3*f + n + h + 7 = 0, -5*f + 4*n + 14 = 0. What are the prime factors of f?
2, 3
List the prime factors of (3/(-3))/(2 - (-198)/(-98)).
7
Suppose 6*u = 7*u - 25. List the prime factors of u.
5
Let g be (-5)/(-10)*1*34. Let u = g + -10. List the prime factors of u.
7
Suppose -4*v = 5*m - 10, 0*m = 4*m + 2*v - 8. List the prime factors of -2 - -4 - (2 - m).
2
Let d(b) = 6*b - 5. Let q be d(2). What are the prime factors of (q - (1 - 1))/1?
7
Let o = 84 - -53. List the prime factors of o.
137
Let z be 33/(-4) - 2/(-8). What are the prime factors of ((-18)/8)/(2/z)?
3
Suppose 4*z = -6 + 22. Suppose -66 + 6 = -z*w. List the prime factors of w.
3, 5
Let d(r) = -2*r**2 - 2*r. Let f be d(7). Let a be 2/(-6) + f/(-3). Suppose -v = -m - 14, 3*v - m - a = m. List the prime factors of v.
3
Let h(v) = -v - 5. Let c be h(-6). What are the prime factors of (c/(-3))/((-1)/9)?
3
Let o(t) = -2*t**3 - t - 1. What are the prime factors of o(-1)?
2
Let f(a) = -a**2 - 11*a + 16. Let b(y) = y**2 - 2*y - 1. Let c be b(2). Let u be ((-1)/((-3)/33))/c. List the prime factors of f(u).
2
Let x = -49 + 76. List the prime factors of x.
3
Let f = -5 + 8. Suppose 3*v = 5*s + 43, -f*s + 36 - 81 = -3*v. List the prime factors of v.
2
Let h(q) = q**2 + 4*q + 3. Let a be h(-4). Suppose -a*t + 25 = 2*t. What are the prime factors of t?
5
Let i(m) = 8*m - 4. What are the prime factors of i(5)?
2, 3
Let f(s) = 15*s - 3. Let y(v) be the third derivative of -5*v**4/12 + v**3/3 - v**2. Let n(c) = -5*f(c) - 8*y(c). What are the prime factors of n(2)?
3
Let z(q) be the first derivative of q**2/2 + 10*q - 3. What are the prime factors of z(9)?
19
Suppose -528 = -30*z + 26*z. List the prime factors of z.
2, 3, 11
Suppose -5*y - 3 = -2*c, 4*y = 2*c - 4*c + 12. List the prime factors of (1 + y - 1)*13.
13
Suppose -54 = -3*r + 2*u, r - 2*r - 2*u + 26 = 0. Suppose c + 6 = r. What are the prime factors of c?
2, 7
Let j(u) = -5*u + 3. Let m(x) = -6*x + 3. Let q(g) = 7*j(g) - 6*m(g). Suppose 0 = -4*a - 0*a. What are the prime factors of q(a)?
3
Let s(u) = -u**3 - 6*u**2 - 5*u + 2. Let m be s(-4). Suppose 45 = 3*h - 18. Let j = h + m. What are the prime factors of j?
11
Let f = -25 - -69. What are the prime factors of f?
2, 11
Let y(q) = -q**2 - 8*q + 3. Let c be y(-8). Suppose -4*v = 3*x - 72 + 21, -5*v + 30 = -c*x. List the prime factors of v.
3
Suppose 0*d + d - 2 = 0, -3*d - 63 = -l. What are the prime factors of l?
3, 23
Let v = 1 - -101. What are the prime factors of v?
2, 3, 17
Let p(k) = -k**3 + 8*k**2 + 2*k + 5. What are the prime factors of p(7)?
2, 17
Suppose -z - 46 + 10 = 0. Let j = 59 + z. Let x = j - 10. List the prime factors of x.
13
Suppose 0 = -0*i - 4*i + 8. What are the prime factors of (-6 + i)*(0 + -2)?
2
Suppose 0 = -0*t + 4*t - 16. Suppose 24 + 76 = t*u. Suppose -5*s - u = -5*b, 19 = 5*b - 4*s + s. List the prime factors of b.
2
List the prime factors of -116*2/(0 + -4).
2, 29
Let b = -36 + 68. List the prime factors of b.
2
Let o(f) = -f**2 - 5*f + 2. Let k be o(-4). Suppose -3*s = -k*s + 6. What are the prime factors of (s/3)/(1/18)?
2, 3
Let y be (-2)/2 + (3 - 5). Let q = y - -7. List the prime factors of q.
2
Let y(o) = 2*o - 7. Let k be y(6). Suppose 2*s = -5*r + 29, -4*s - 22 = -5*r - k. What are the prime factors of s?
2
Let t be 54/12*4/6. Suppose 2*b - 7 + 4 = -t*d, d + 27 = 4*b. What are the prime factors of b?
2, 3
Let m = -1 - -4. Suppose 3*z = -2*j + 26, m*z - j = 2*z + 2. List the prime factors of z.
2, 3
Let t be 1 - (-5)/((-15)/(-9)). Let w be (5 - t)/((-1)/(-7)). Let s = 8 + w. What are the prime factors of s?
3, 5
Let j = -79 - -138. Let x = j + -37. List the prime factors of x.
2, 11
Suppose -7*l = -2*l + 100. Let v = l - -34. What are the prime factors of v?
2, 7
Let i(o) = o**3 + 4*o**2 - 2*o. Suppose 0*h - 20 = 5*h. Let d = h - 0. What are the prime factors of i(d)?
2
Let o(k) = -2*k**3 - 31*k**2 + 10*k - 16. List the prime factors of o(-16).
2, 5
What are the prime factors of 7